 2131032424 (base 5) in base 4?
101112213322
130130323113 (base 4) to base 5
3402133034
1c39c2 (base 16) to base 6
103351510
What is -1c22e (base 15) in base 4?
-112113203
What is -24aac (base 16) in base 10?
-150188
Convert 35214551 (base 6) to base 15.
1683e1
What is 1011123402 (base 5) in base 11?
1181547
Convert -117b60 (base 12) to base 10.
-283320
-2331010223 (base 4) to base 2
-10111101000100101011
11429108 (base 10) to base 15
100b608
What is -234184 (base 10) in base 5?
-24443214
What is a4829 (base 14) in base 2?
1100000110111000101
What is -12222101221 (base 3) in base 10?
-117664
What is -1213525430 (base 6) in base 15?
-13485b6
What is a02ba (base 14) in base 2?
1011101111011001100
Convert 3a942 (base 15) to base 5.
22001322
Convert 11000000001101100101 (base 2) to base 10.
787301
6541317 (base 8) to base 15
2499a7
103033320 (base 4) to base 7
445566
Convert -4322333020 (base 5) to base 14.
-1310a90
212214 (base 8) to base 7
413255
What is 148328 (base 9) in base 14?
25442
-b43c93 (base 14) to base 9
-12386715
1066780 (base 13) to base 14
946aa0
Convert 73a55 (base 13) to base 2.
110010110110010110
What is -1136023 (base 8) in base 16?
-4bc13
Convert 3a4a1 (base 12) to base 4.
103210321
What is -4263061 (base 7) in base 16?
-7ee08
-441204554 (base 6) to base 9
-15772727
-23530 (base 9) to base 3
-210121000
What is 111212321222 (base 4) in base 14?
a763b4
Convert -132122232 (base 6) to base 5.
-1132424003
Convert 9994151 (base 11) to base 16.
10b7f9a
Convert 56923 (base 11) to base 3.
11011220100
Convert -50569 (base 11) to base 6.
-1330021
What is 104410433 (base 5) in base 9?
780656
52839 (base 16) to base 15
6a21c
Convert -287bb (base 16) to base 5.
-20301234
144a915 (base 14) to base 5
10011114334
What is 202213002310 (base 4) in base 2?
100010100111000010110100
Convert -12043306 (base 7) to base 13.
-2b5b20
What is -2210100111111 (base 3) in base 2?
-101101010000110001110
What is -1003132001 (base 4) in base 2?
-1000011011110000001
What is -679159 (base 11) in base 14?
-201d13
What is 125029 (base 10) in base 9?
210451
16346 (base 7) to base 11
3539
Convert 3ae514 (base 15) to base 13.
7824c4
What is -10200111201 (base 3) in base 4?
-101231131
1f8cc2 (base 16) to base 6
112152242
Convert 11210112 (base 3) to base 9.
4715
1000001110011110110011 (base 2) to base 4
20032132303
What is -68024 (base 11) in base 13?
-35ac6
What is -318064 (base 9) in base 8?
-562236
-261eaa (base 15) to base 16
-1be941
What is 2ea14 (base 15) in base 5?
14311034
Convert 5595 (base 10) to base 13.
2715
133223310 (base 5) to base 2
10100101111110010110
What is -1506626 (base 7) in base 15?
-406db
-10182391 (base 10) to base 3
-201011022121121
What is 110111000001110110001 (base 2) in base 16?
1b83b1
What is 1870601 (base 10) in base 13?
506585
What is 220100111002 (base 3) in base 4?
1311001022
Convert 5143630 (base 8) to base 6.
45104412
What is -4403133 (base 6) in base 4?
-311111001
What is 301ba20 (base 12) in base 2?
100010010101000011111000
-230143210 (base 5) to base 7
-11453442
Convert 4355062 (base 7) to base 16.
828fd
What is -131101402 (base 5) in base 8?
-2351611
3b880 (base 13) to base 16
1b2ca
What is 12210022122011 (base 3) in base 6?
145540351
What is -12100212100112 (base 3) in base 14?
-5431ba
80448 (base 11) to base 9
188357
Convert -a2d7b0 (base 15) to base 16.
-761cc7
6022312 (base 7) to base 6
23130054
What is -1122212000 (base 4) in base 14?
-99332
What is 11000111100011000111 (base 2) in base 5?
202123401
What is e508b (base 16) in base 6?
32035055
Convert 90ed (base 16) to base 10.
37101
What is 186535 (base 9) in base 5?
12210343
What is 1100100100001011 (base 2) in base 10?
51467
Convert -85953 (base 10) to base 3.
-11100220110
Convert -9994a (base 15) to base 9.
-823477
Convert -61599 (base 14) to base 6.
-5004551
270380 (base 10) to base 5
32123010
Convert 352041 (base 7) to base 9.
105546
Convert -1042400 (base 8) to base 12.
-115b14
What is b5a91 (base 15) in base 8?
2145210
What is -1715211 (base 9) in base 10?
-955162
-101011000011111001100 (base 2) to base 16
-1587cc
Convert -250170 (base 9) to base 3.
-21200012100
-176134 (base 10) to base 3
-22221121111
-8b2f2 (base 16) to base 5
-121220343
What is -300202200 (base 4) in base 2?
-110000100010100000
66424 (base 12) to base 16
210dc
Convert -22897 (base 13) to base 6.
-1203344
Convert -222022302 (base 4) to base 11.
-108850
113182 (base 10) to base 4
123220132
What is 8344b0 (base 14) in base 12?
1597622
-52423 (base 12) to base 10
-107739
Convert 160523 (base 9) to base 14.
28041
Convert 1504013 (base 8) to base 3.
210202011110
-5200035 (base 7) to base 6
-21155033
Convert 10401341044 (base 5) to base 6.
1043221010
What is 1001101110111010111011 (base 2) in base 14?
4a5bab
10880818 (base 10) to base 2
101001100000011100110010
Convert 23077432 (base 8) to base 3.
100102200220211
What is 1428249 (base 11) in base 13?
67cb64
What is -11212111002221 (base 3) in base 16?
-277d7d
Convert -1646208 (base 10) to base 3.
-10002122011200
What is 3e76a0 (base 16) in base 2?
1111100111011010100000
What is -21100102000 (base 3) in base 9?
-240360
60765a (base 14) to base 5
1312404113
What is -63ab98 (base 12) in base 16?
-180524
What is 138206 (base 9) in base 3?
11022020020
Convert -7140 (base 15) to base 11.
-16a67
Convert 14003504 (base 8) to base 16.
300744
Convert 100010011010110100111 (base 2) to base 12.
464833
Convert 10101100000000100 (base 2) to base 8.
254004
Convert 19b65c0 (base 14) to base 10.
12810140
Convert 12319501 (base 10) to base 12.
4161411
10103211120 (base 4) to base 11
701095
What is -250500 (base 8) in base 10?
-86336
2224533 (base 7) to base 5
32302410
What is -b8e2a (base 15) in base 6?
-20325521
Convert -20b45b (base 13) to base 4.
-2323120101
Convert -1526114 (base 8) to base 4.
-1222301030
112612 (base 7) to base 12
b831
What is -2201122121120 (base 3) in base 8?
-5417343
-1100011001010001011 (base 2) to base 3
-202122010210
2e985 (base 16) to base 10
190853
341d77 (base 16) to base 11
1a23063
Convert 37172 (base 14) to base 10.
134752
12103742 (base 8) to base 10
2656226
Convert -5406865 (base 9) to base 12.
-b79442
Convert -45322 (base 9) to base 13.
-10955
Convert 12051667 (base 8) to base 15.
373116
-110100001000111010100 (base 2) to base 11
-a67692
1203032020 (base 4) to base 7
3311602
216f3 (base 16) to base 14
37c9d
-b3667 (base 14) to base 16
-697cb
113202132 (base 5) to base 14
d8419
-10101011110110000111 (base 2) to base 16
-abd87
What is -3e0a5 (base 15) in base 5?
-22334110
Convert -11020403424 (base 5) to base 12.
-3b93759
1695071 (base 11) to base 6
141352305
Convert b9be9 (base 15) to base 9.
1088223
What is 100233223330 (base 4) in base 11?
2528aa1
-352263 (base 7) to base 9
-105683
Convert d6569 (base 14) to base 12.
20b1a9
What is -528aab (base 15) in base 6?
-220103012
Convert 3526545 (base 7) to base 13.
1271c1
-3810186 (base 10) to base 3
-21011120121000
111001101001100110 (base 2) to base 10
236134
-69bcc0 (base 13) to base 4
-21211010312
Convert 111021122021222 (base 3) to base 15.
9468d2
7106102 (base 8) to base 6
104033350
Convert -23012111310 (base 4) to base 9.
-5424140
What is 2210122200 (base 3) in base 14?
16156
What is 11011111011101110011 (base 2) in base 13?
26080b
What is -2012021202120 (base 3) in base 14?
-2253bd
-3bacf (base 16) to base 9
-412260
Convert 1215255 (base 8) to base 5.
41201014
10000001000011 (base 2) to base 10
8259
Convert -1cca8 (base 13) to base 9.
-86274
Convert -241145013 (base 6) to base 13.
-c2c403
Convert 7524542 (base 10) to base 3.
112011021201202
What is da684 (base 14) in base 7?
4326524
What is 102002201101 (base 3) in base 12?
a653a
Convert -66497 (base 10) to base 4.
-100033001
-30000132203 (base 4) to base 16
-3007a3
1967485 (base 13) to base 10
8355976
Convert 42344145 (base 6) to base 5.
304224442
Convert 100100001000010111100 (base 2) to base 13.
325b69
What is -820a05 (base 14) in base 16?
-42dacd
What is 616277 (base 8) in base 3?
101100210100
3251330 (base 6) to base 3
22020200200
Convert -2219671 (base 10) to base 13.
-5c941c
Convert 10010000010100100111 (base 2) to base 16.
90527
Convert 213141232 (base 6) to base 12.
132a818
21151330 (base 6) to base 14
122502
What is 42